{"id":45,"date":"2015-12-19T12:54:15","date_gmt":"2015-12-19T12:54:15","guid":{"rendered":"https:\/\/paulaibanez.cl\/intro\/?page_id=45"},"modified":"2015-12-29T14:40:27","modified_gmt":"2015-12-29T14:40:27","slug":"ejecutivosempresas","status":"publish","type":"page","link":"https:\/\/paulaibanez.cl\/intro\/ejecutivosempresas\/","title":{"rendered":"Ejecutivos\/Empresas"},"content":{"rendered":"<h1><a href=\"https:\/\/paulaibanez.cl\/intro\/wp-content\/uploads\/2015\/12\/trabajoequipo.png\" rel=\"attachment wp-att-81\"><img loading=\"lazy\" decoding=\"async\" class=\"size-medium wp-image-81 alignright\" src=\"https:\/\/paulaibanez.cl\/intro\/wp-content\/uploads\/2015\/12\/trabajoequipo-300x197.png\" alt=\"trabajoe en quipo\" width=\"300\" height=\"197\" \/><\/a>Desarrollo Humano Consciente<\/h1>\n<p>&nbsp;<\/p>\n<h3>TALLERES<\/h3>\n<ul>\n<li><a href=\"#conoce\">Conoce tu cerebro para sacarle el m\u00e1ximo provecho<\/a><\/li>\n<li><a href=\"#gestion\">Gesti\u00f3n de emociones<\/a><\/li>\n<li><a href=\"#liberate\">Lib\u00e9rate del estr\u00e9s<\/a><\/li>\n<li><a href=\"#neuro\">Neuroliderazgo y Neuromanagement<\/a><\/li>\n<li><a href=\"#neuroventas\">Neuroventas<\/a><\/li>\n<li>Comunicaci\u00f3n<\/li>\n<\/ul>\n<h2>COACHING<\/h2>\n<ul>\n<li><a href=\"#quees\">Coaching individual<\/a><\/li>\n<li><a href=\"#equipos\">Coaching de equipos<\/a><\/li>\n<li><a href=\"#outdoor\">Outdoor Team coaching<\/a><\/li>\n<\/ul>\n<p>&nbsp;<\/p>\n<h2>OBJETIVOS DE LOS TALLERES<\/h2>\n<p>Que las personas se conozcan a si mismas, entiendan el origen biol\u00f3gico de sus tem\u00e1ticas, as\u00ed poder introducir nuevas conductas , crear consciencia y mejorar el estado general, tanto f\u00edsico como mental.<\/p>\n<p>Lograr capacitarse con herramientas de \u00faltima generaci\u00f3n como el Neuroliderazgo, Neuromanagement y Neuroventas. Mejorando su productividad.<\/p>\n<p>Las empresas logren mejores resultados, al tener un equipo comprometido, con mejor comunicaci\u00f3n, motivaci\u00f3n, gesti\u00f3n emocional y del estr\u00e9s.<\/p>\n<p>&nbsp;<\/p>\n<p>&nbsp;<\/p>\n<p><a name=\"conoce\"><\/a><\/p>\n<p>&nbsp;<\/p>\n<p>&nbsp;<\/p>\n<p>&nbsp;<\/p>\n<p>&nbsp;<\/p>\n<p>&nbsp;<\/p>\n<h3>CONOCE TU CEREBRO PARA SACARLE M\u00c1XIMO PROVECHO<\/h3>\n<p>Objetivo<\/p>\n<p style=\"padding-left: 30px;\">Capacitar a los asistentes, c\u00f3mo el cerebro interviene en los \u00e1mbitos de la vida diaria y laboral, como mantenerlo activo, sac\u00e1ndole el mejor partido.<\/p>\n<p>\u00a0Temario<\/p>\n<p style=\"padding-left: 30px;\">Mitos sobre el cerebro.<\/p>\n<p style=\"padding-left: 30px;\">\u00bfQu\u00e9 es la motivaci\u00f3n?, \u00bfc\u00f3mo decido? \u00bfCreatividad?<\/p>\n<p style=\"padding-left: 30px;\">Mejorando la memoria, concentraci\u00f3n y atenci\u00f3n.<\/p>\n<p style=\"padding-left: 30px;\">Como afecta el estr\u00e9s, la depresi\u00f3n, malos h\u00e1bitos a mi salud cerebral.<\/p>\n<p style=\"padding-left: 30px;\">\u00bfSe puede mejorar la inteligencia?<\/p>\n<p style=\"padding-left: 30px;\">Qu\u00e9 es un gimnasio cerebral.<\/p>\n<p style=\"padding-left: 30px;\">A trabajar: Tips y elaboraci\u00f3n de un programa personal.<\/p>\n<p><a name=\"gestion\"><\/a><\/p>\n<p>&nbsp;<\/p>\n<p>&nbsp;<\/p>\n<p>&nbsp;<\/p>\n<p>&nbsp;<\/p>\n<p>&nbsp;<\/p>\n<h3><a href=\"https:\/\/paulaibanez.cl\/intro\/wp-content\/uploads\/2015\/12\/GESTIONEMOCIONES-1.png\" rel=\"attachment wp-att-115\"><img loading=\"lazy\" decoding=\"async\" class=\"size-medium wp-image-115 alignright\" src=\"https:\/\/paulaibanez.cl\/intro\/wp-content\/uploads\/2015\/12\/GESTIONEMOCIONES-1-300x228.png\" alt=\"Gesti\u00f3n de Emociones\" width=\"300\" height=\"228\" srcset=\"https:\/\/paulaibanez.cl\/intro\/wp-content\/uploads\/2015\/12\/GESTIONEMOCIONES-1-300x228.png 300w, https:\/\/paulaibanez.cl\/intro\/wp-content\/uploads\/2015\/12\/GESTIONEMOCIONES-1-768x585.png 768w, https:\/\/paulaibanez.cl\/intro\/wp-content\/uploads\/2015\/12\/GESTIONEMOCIONES-1.png 830w\" sizes=\"auto, (max-width: 300px) 100vw, 300px\" \/><\/a>GESTI\u00d3N DE EMOCIONES<\/h3>\n<p>Objetivo<\/p>\n<p style=\"padding-left: 30px;\">Instruir a los asistentes sobre las emociones y m\u00e9todo de gesti\u00f3n de ellas. Aplicable a la vida personal y laboral.<\/p>\n<p>Temario<\/p>\n<p style=\"padding-left: 30px;\">\u00bfQu\u00e9 es una emoci\u00f3n?<\/p>\n<p style=\"padding-left: 30px;\">\u00bfSon las personas presas de ellas?<\/p>\n<p style=\"padding-left: 30px;\">\u00bfComo afectan las emociones al entorno: familia, equipos de trabajo?<\/p>\n<p style=\"padding-left: 30px;\">\u00bfQu\u00e9 pasa en el cerebro?<\/p>\n<p style=\"padding-left: 30px;\">Neuroliderando las emociones: mejorando la relaci\u00f3n con los dem\u00e1s.<\/p>\n<p style=\"padding-left: 30px;\">Tips y elaboraci\u00f3n de un programa personal.<\/p>\n<p><a name=\"liberate\"><\/a><\/p>\n<p>&nbsp;<\/p>\n<p>&nbsp;<\/p>\n<p>&nbsp;<\/p>\n<p>&nbsp;<\/p>\n<p>&nbsp;<\/p>\n<h3><a href=\"https:\/\/paulaibanez.cl\/intro\/wp-content\/uploads\/2015\/12\/chicasinestres.png\" rel=\"attachment wp-att-104\"><img loading=\"lazy\" decoding=\"async\" class=\"size-medium wp-image-104 alignright\" src=\"https:\/\/paulaibanez.cl\/intro\/wp-content\/uploads\/2015\/12\/chicasinestres-192x300.png\" alt=\"Gesti\u00f3n del Estr\u00e9s\" width=\"192\" height=\"300\" srcset=\"https:\/\/paulaibanez.cl\/intro\/wp-content\/uploads\/2015\/12\/chicasinestres-192x300.png 192w, https:\/\/paulaibanez.cl\/intro\/wp-content\/uploads\/2015\/12\/chicasinestres.png 401w\" sizes=\"auto, (max-width: 192px) 100vw, 192px\" \/><\/a>LIBERATE DEL ESTR\u00c9S<\/h3>\n<p>Objetivo<\/p>\n<p style=\"padding-left: 30px;\">Entregar a los asistentes tips sobre el estr\u00e9s y la manera de liberarse de \u00e9l, mejorando la salud y el desempe\u00f1o laboral.<\/p>\n<p>\u00a0Temario<\/p>\n<p style=\"padding-left: 30px;\">\u00bfQu\u00e9 es el estr\u00e9s? Y como afecta la salud, la creatividad, el rendimiento y la felicidad<\/p>\n<p style=\"padding-left: 30px;\">\u00bfComo lo gestiono?<\/p>\n<p style=\"padding-left: 30px;\">Que situaciones producen estr\u00e9s<\/p>\n<p style=\"padding-left: 30px;\">Programa personal para vivir relajados y m\u00e1s eficientes<\/p>\n<p><a name=\"neuro\"><\/a><\/p>\n<p>&nbsp;<\/p>\n<p>&nbsp;<\/p>\n<p>&nbsp;<\/p>\n<p>&nbsp;<\/p>\n<p>&nbsp;<\/p>\n<h3>NEUROLIDERAZGO Y NEUROMANAGEMENT<\/h3>\n<p>Objetivo<\/p>\n<p style=\"padding-left: 30px;\">Entregar herramientas para que las personas puedan utilizar a pleno el cerebro en la conducci\u00f3n exitosa de las organizaciones y equipos de trabajo.<\/p>\n<p>Temario<\/p>\n<p style=\"padding-left: 30px;\">Cuando el cerebro toma el mando<\/p>\n<p style=\"padding-left: 30px;\">Los \u00f3rganos de los sentidos como inputs de toma de decisiones<\/p>\n<p style=\"padding-left: 30px;\">Inteligencia aplicada al Neuromanagement<\/p>\n<p style=\"padding-left: 30px;\">Neuroaprendizaje y memoria<\/p>\n<p style=\"padding-left: 30px;\">Estimulaci\u00f3n Neurocognitiva<\/p>\n<p><a name=\"neuroventas\"><\/a><\/p>\n<p>&nbsp;<\/p>\n<p>&nbsp;<\/p>\n<p>&nbsp;<\/p>\n<p>&nbsp;<\/p>\n<p>&nbsp;<\/p>\n<h3><a href=\"https:\/\/paulaibanez.cl\/intro\/wp-content\/uploads\/2015\/12\/ventas.png\" rel=\"attachment wp-att-99\"><img loading=\"lazy\" decoding=\"async\" class=\"size-medium wp-image-99 alignright\" src=\"https:\/\/paulaibanez.cl\/intro\/wp-content\/uploads\/2015\/12\/ventas-267x300.png\" alt=\"Neuroventas\" width=\"267\" height=\"300\" srcset=\"https:\/\/paulaibanez.cl\/intro\/wp-content\/uploads\/2015\/12\/ventas-267x300.png 267w, https:\/\/paulaibanez.cl\/intro\/wp-content\/uploads\/2015\/12\/ventas.png 552w\" sizes=\"auto, (max-width: 267px) 100vw, 267px\" \/><\/a>NEUROVENTAS<\/h3>\n<p>Objetivo<\/p>\n<p style=\"padding-left: 30px;\">Ense\u00f1ar a los asistentes a venderle al cerebro de sus clientes.<\/p>\n<p>Temario<\/p>\n<p style=\"padding-left: 30px;\">Como afecta el estado del animo del vendedor a la compra. \u00bf como lo hago optimo?<\/p>\n<p style=\"padding-left: 30px;\">Cerebro emocional de comprador<\/p>\n<p style=\"padding-left: 30px;\">Desarrollo comunicacional del vendedor<\/p>\n<p style=\"padding-left: 30px;\">Como venderle a ellas y a ellos<\/p>\n<p style=\"padding-left: 30px;\">Como crear relaciones y vender a largo plazo<\/p>\n<p>DESCRIPCI\u00d3N<\/p>\n<p style=\"padding-left: 30px;\">Los talleres tienen duraci\u00f3n de 4 horas.<\/p>\n<p style=\"padding-left: 30px;\">Son expositivo-vivenciales.<\/p>\n<p style=\"padding-left: 30px;\">Para aproximadamente 20-25 personas<\/p>\n<p style=\"padding-left: 30px;\">Procesos de Coaching individual<\/p>\n<p><a name=\"quees\"><\/a><\/p>\n<p>&nbsp;<\/p>\n<p>&nbsp;<\/p>\n<p>&nbsp;<\/p>\n<p>&nbsp;<\/p>\n<h3>QU\u00c9 ES COACHING<\/h3>\n<p style=\"padding-left: 30px;\">Es una metodolog\u00eda de acompa\u00f1amiento, que ayuda a que las personas encuentren sus propios recursos, para lograr ser la mejor versi\u00f3n de si mismos. As\u00ed poder encaminar la vida en la direcci\u00f3n que desean, tanto en el \u00e1rea profesional como personal.<\/p>\n<p style=\"padding-left: 30px;\">En este periodo se trabaja semana a semana en identificar las metas, un plan de acci\u00f3n y monitoreo que se van cumpliendo los pasos, como ir resolviendo tem\u00e1ticas nuevas sobre el objetivo que se est\u00e1 trabajando<\/p>\n<p style=\"padding-left: 30px;\">Se utilizan varias herramientas necesarias paragenerar opciones, aprendizajes y remover creencias limitantes, as\u00ed mejora el desempe\u00f1o, la eficiencia, gesti\u00f3n de emociones y manejo de estr\u00e9s. Todo necesario para lograr los objetivos, planteados en el proceso.<\/p>\n<p style=\"padding-left: 30px;\">Las personas toman procesos de Coaching para distintos temas como: querer emprender, desarrollar habilidades laborales, escribir un libro, cambiarse de \u00e1rea laboral, volver a trabajar, adolescentes que no saben qu\u00e9 estudiar, desaf\u00edos deportivos, intereses de viajes, aprender un idioma, cambiarse de ciudad, adaptarse a una nueva ciudad, entre otros&#8230;<\/p>\n<p><a name=\"herramientas\"><\/a><\/p>\n<p>&nbsp;<\/p>\n<p>&nbsp;<\/p>\n<p>&nbsp;<\/p>\n<p>&nbsp;<\/p>\n<h3>HERRAMIENTAS DE COACHING<\/h3>\n<p style=\"padding-left: 30px;\">BRAIN GYM<\/p>\n<p style=\"padding-left: 30px;\">MEDITACION<\/p>\n<p style=\"padding-left: 30px;\">ACEITES ESENCIALES<\/p>\n<h4>LAS SESIONES<\/h4>\n<p style=\"padding-left: 30px;\">Sesiones individuales, duran 45 a 60 minutos una vez a la semana por 8 semanas ( presenciales y virtuales)<\/p>\n<p style=\"padding-left: 30px;\">Luego 4 sesiones cada 15 d\u00edas<\/p>\n<p style=\"padding-left: 30px;\">Una vez al mes por 6 meses (esto puede variar seg\u00fan tus necesidades)<\/p>\n<p><a name=\"equipos\"><\/a><\/p>\n<p>&nbsp;<\/p>\n<p>&nbsp;<\/p>\n<p>&nbsp;<\/p>\n<p>&nbsp;<\/p>\n<p>&nbsp;<\/p>\n<h2>COACHING DE EQUIPOS<\/h2>\n<p>Es un proceso de acompa\u00f1amiento que permite la incorporaci\u00f3n de herramientas espec\u00edficas, seg\u00fan necesidad, para enfrentar de una manera optima los retos reales; que se enfrentan cotidianamente los equipos. As\u00ed pueden lograr sus objetivos con Esp\u00edritu de uni\u00f3n y apoyo mutuo, entendiendo que las diferencias entre las personas son un aporte para la supervivencia del todo.<\/p>\n<p>Ayuda a que las personas desarrollen sus talentos, se motiven, fortalezcan su compromiso y responsabilidad con la organizaci\u00f3n, mejorando su productividad.<\/p>\n<p>Se aplica en todo tipo de equipos, algunos ejemplos son: Equipos Gerenciales, nuevos Equipos, Equipos en crisis, Equipos de proyecto, Equipos en transici\u00f3n, Equipos fusionados, Equipos de ventas, entre otros.<\/p>\n<p><a name=\"outdoor\"><\/a><\/p>\n<p>&nbsp;<\/p>\n<p>&nbsp;<\/p>\n<p>&nbsp;<\/p>\n<p>&nbsp;<\/p>\n<h2><a href=\"https:\/\/paulaibanez.cl\/intro\/wp-content\/uploads\/2015\/12\/OUTDOOR.png\" rel=\"attachment wp-att-117\"><img loading=\"lazy\" decoding=\"async\" class=\"size-medium wp-image-117 alignright\" src=\"https:\/\/paulaibanez.cl\/intro\/wp-content\/uploads\/2015\/12\/OUTDOOR-300x213.png\" alt=\"Outdoor Team Coaching\" width=\"300\" height=\"213\" srcset=\"https:\/\/paulaibanez.cl\/intro\/wp-content\/uploads\/2015\/12\/OUTDOOR-300x213.png 300w, https:\/\/paulaibanez.cl\/intro\/wp-content\/uploads\/2015\/12\/OUTDOOR.png 573w\" sizes=\"auto, (max-width: 300px) 100vw, 300px\" \/><\/a>OUTDOOR TEAM COACHING<\/h2>\n<p>coaching de equipos al aire libre<\/p>\n<p>Es un proceso de coaching de equipo que se realiza en la naturaleza, para reconectar los sentidos, procesos racionales e imaginaci\u00f3n para obtener soluciones creativas y \u00f3ptimos resultados de los equipos.<\/p>\n<p>Se crean contextos de trabajo y desarrollo, para que las personas deseen pertenecer, y aportar tus talentos, construir fortalezas y habilidades. Se trabaja en construir equipos unificados y cohesionados para aplicar luego los aprendizajes al entorno de trabajo<br \/>\nSe realizan actividades, din\u00e1micas y juegos, dise\u00f1ados para todo tipo de personas, de una manera respetuosa y cuidada sin grandes exigencias f\u00edsicas. El contacto con el entorno natural, conecta con el disfrute y disminuye el estr\u00e9s.<\/p>\n<p>&nbsp;<\/p>\n<p>&nbsp;<\/p>\n<p>&nbsp;<\/p>\n<p>&nbsp;<\/p>\n<p>&nbsp;<\/p>\n<p>&nbsp;<\/p>\n<h3>PREGUNTAS<\/h3>\n<p style=\"padding-left: 60px;\"><a href=\"mailto:info@paulaibanez.cl\">info@paulaibanez.cl<\/a><\/p>\n<p style=\"padding-left: 60px;\"><a href=\"http:\/\/\">www.paulaibanez.cl<\/a><\/p>\n<p style=\"padding-left: 60px;\"><a href=\"http:\/\/www.twitter.com\/aromasdeluna\">@aromasdeluna_cl<\/a><\/p>\n","protected":false},"excerpt":{"rendered":"<p>Desarrollo Humano Consciente &nbsp; TALLERES Conoce tu cerebro para sacarle el m\u00e1ximo provecho Gesti\u00f3n de emociones Lib\u00e9rate del estr\u00e9s Neuroliderazgo y Neuromanagement Neuroventas Comunicaci\u00f3n COACHING Coaching individual Coaching de equipos Outdoor Team coaching &nbsp; OBJETIVOS DE LOS TALLERES Que las personas se conozcan a si mismas, entiendan el origen biol\u00f3gico de sus tem\u00e1ticas, as\u00ed poder [&hellip;]<\/p>\n","protected":false},"author":2,"featured_media":0,"parent":0,"menu_order":0,"comment_status":"closed","ping_status":"closed","template":"","meta":{"footnotes":""},"class_list":["post-45","page","type-page","status-publish","czr-hentry"],"yoast_head":"<!-- This site is optimized with the Yoast SEO plugin v27.5 - https:\/\/yoast.com\/product\/yoast-seo-wordpress\/ -->\n<title>Ejecutivos\/Empresas - Paula Iba\u00f1ez<\/title>\n<meta name=\"robots\" content=\"index, follow, max-snippet:-1, max-image-preview:large, max-video-preview:-1\" \/>\n<link rel=\"canonical\" href=\"https:\/\/paulaibanez.cl\/intro\/ejecutivosempresas\/\" \/>\n<meta property=\"og:locale\" content=\"es_ES\" \/>\n<meta property=\"og:type\" content=\"article\" \/>\n<meta property=\"og:title\" content=\"Ejecutivos\/Empresas - Paula Iba\u00f1ez\" \/>\n<meta property=\"og:description\" content=\"Desarrollo Humano Consciente &nbsp; TALLERES Conoce tu cerebro para sacarle el m\u00e1ximo provecho Gesti\u00f3n de emociones Lib\u00e9rate del estr\u00e9s Neuroliderazgo y Neuromanagement Neuroventas Comunicaci\u00f3n COACHING Coaching individual Coaching de equipos Outdoor Team coaching &nbsp; OBJETIVOS DE LOS TALLERES Que las personas se conozcan a si mismas, entiendan el origen biol\u00f3gico de sus tem\u00e1ticas, as\u00ed poder [&hellip;]\" \/>\n<meta property=\"og:url\" content=\"https:\/\/paulaibanez.cl\/intro\/ejecutivosempresas\/\" \/>\n<meta property=\"og:site_name\" content=\"Paula Iba\u00f1ez\" \/>\n<meta property=\"article:modified_time\" content=\"2015-12-29T14:40:27+00:00\" \/>\n<meta property=\"og:image\" content=\"https:\/\/paulaibanez.cl\/intro\/wp-content\/uploads\/2015\/12\/trabajoequipo-300x197.png\" \/>\n<meta name=\"twitter:card\" content=\"summary_large_image\" \/>\n<meta name=\"twitter:label1\" content=\"Tiempo de lectura\" \/>\n\t<meta name=\"twitter:data1\" content=\"5 minutos\" \/>\n<script type=\"application\/ld+json\" class=\"yoast-schema-graph\">{\"@context\":\"https:\\\/\\\/schema.org\",\"@graph\":[{\"@type\":\"WebPage\",\"@id\":\"https:\\\/\\\/paulaibanez.cl\\\/intro\\\/ejecutivosempresas\\\/\",\"url\":\"https:\\\/\\\/paulaibanez.cl\\\/intro\\\/ejecutivosempresas\\\/\",\"name\":\"Ejecutivos\\\/Empresas - Paula Iba\u00f1ez\",\"isPartOf\":{\"@id\":\"https:\\\/\\\/paulaibanez.cl\\\/intro\\\/#website\"},\"primaryImageOfPage\":{\"@id\":\"https:\\\/\\\/paulaibanez.cl\\\/intro\\\/ejecutivosempresas\\\/#primaryimage\"},\"image\":{\"@id\":\"https:\\\/\\\/paulaibanez.cl\\\/intro\\\/ejecutivosempresas\\\/#primaryimage\"},\"thumbnailUrl\":\"https:\\\/\\\/paulaibanez.cl\\\/intro\\\/wp-content\\\/uploads\\\/2015\\\/12\\\/trabajoequipo-300x197.png\",\"datePublished\":\"2015-12-19T12:54:15+00:00\",\"dateModified\":\"2015-12-29T14:40:27+00:00\",\"breadcrumb\":{\"@id\":\"https:\\\/\\\/paulaibanez.cl\\\/intro\\\/ejecutivosempresas\\\/#breadcrumb\"},\"inLanguage\":\"es\",\"potentialAction\":[{\"@type\":\"ReadAction\",\"target\":[\"https:\\\/\\\/paulaibanez.cl\\\/intro\\\/ejecutivosempresas\\\/\"]}]},{\"@type\":\"ImageObject\",\"inLanguage\":\"es\",\"@id\":\"https:\\\/\\\/paulaibanez.cl\\\/intro\\\/ejecutivosempresas\\\/#primaryimage\",\"url\":\"https:\\\/\\\/paulaibanez.cl\\\/intro\\\/wp-content\\\/uploads\\\/2015\\\/12\\\/trabajoequipo-300x197.png\",\"contentUrl\":\"https:\\\/\\\/paulaibanez.cl\\\/intro\\\/wp-content\\\/uploads\\\/2015\\\/12\\\/trabajoequipo-300x197.png\"},{\"@type\":\"BreadcrumbList\",\"@id\":\"https:\\\/\\\/paulaibanez.cl\\\/intro\\\/ejecutivosempresas\\\/#breadcrumb\",\"itemListElement\":[{\"@type\":\"ListItem\",\"position\":1,\"name\":\"Portada\",\"item\":\"https:\\\/\\\/paulaibanez.cl\\\/intro\\\/\"},{\"@type\":\"ListItem\",\"position\":2,\"name\":\"Ejecutivos\\\/Empresas\"}]},{\"@type\":\"WebSite\",\"@id\":\"https:\\\/\\\/paulaibanez.cl\\\/intro\\\/#website\",\"url\":\"https:\\\/\\\/paulaibanez.cl\\\/intro\\\/\",\"name\":\"Paula Iba\u00f1ez\",\"description\":\"Coaching y Neurociencia en las Organizaciones\",\"potentialAction\":[{\"@type\":\"SearchAction\",\"target\":{\"@type\":\"EntryPoint\",\"urlTemplate\":\"https:\\\/\\\/paulaibanez.cl\\\/intro\\\/?s={search_term_string}\"},\"query-input\":{\"@type\":\"PropertyValueSpecification\",\"valueRequired\":true,\"valueName\":\"search_term_string\"}}],\"inLanguage\":\"es\"}]}<\/script>\n<!-- \/ Yoast SEO plugin. -->","yoast_head_json":{"title":"Ejecutivos\/Empresas - Paula Iba\u00f1ez","robots":{"index":"index","follow":"follow","max-snippet":"max-snippet:-1","max-image-preview":"max-image-preview:large","max-video-preview":"max-video-preview:-1"},"canonical":"https:\/\/paulaibanez.cl\/intro\/ejecutivosempresas\/","og_locale":"es_ES","og_type":"article","og_title":"Ejecutivos\/Empresas - Paula Iba\u00f1ez","og_description":"Desarrollo Humano Consciente &nbsp; TALLERES Conoce tu cerebro para sacarle el m\u00e1ximo provecho Gesti\u00f3n de emociones Lib\u00e9rate del estr\u00e9s Neuroliderazgo y Neuromanagement Neuroventas Comunicaci\u00f3n COACHING Coaching individual Coaching de equipos Outdoor Team coaching &nbsp; OBJETIVOS DE LOS TALLERES Que las personas se conozcan a si mismas, entiendan el origen biol\u00f3gico de sus tem\u00e1ticas, as\u00ed poder [&hellip;]","og_url":"https:\/\/paulaibanez.cl\/intro\/ejecutivosempresas\/","og_site_name":"Paula Iba\u00f1ez","article_modified_time":"2015-12-29T14:40:27+00:00","og_image":[{"url":"https:\/\/paulaibanez.cl\/intro\/wp-content\/uploads\/2015\/12\/trabajoequipo-300x197.png","type":"","width":"","height":""}],"twitter_card":"summary_large_image","twitter_misc":{"Tiempo de lectura":"5 minutos"},"schema":{"@context":"https:\/\/schema.org","@graph":[{"@type":"WebPage","@id":"https:\/\/paulaibanez.cl\/intro\/ejecutivosempresas\/","url":"https:\/\/paulaibanez.cl\/intro\/ejecutivosempresas\/","name":"Ejecutivos\/Empresas - Paula Iba\u00f1ez","isPartOf":{"@id":"https:\/\/paulaibanez.cl\/intro\/#website"},"primaryImageOfPage":{"@id":"https:\/\/paulaibanez.cl\/intro\/ejecutivosempresas\/#primaryimage"},"image":{"@id":"https:\/\/paulaibanez.cl\/intro\/ejecutivosempresas\/#primaryimage"},"thumbnailUrl":"https:\/\/paulaibanez.cl\/intro\/wp-content\/uploads\/2015\/12\/trabajoequipo-300x197.png","datePublished":"2015-12-19T12:54:15+00:00","dateModified":"2015-12-29T14:40:27+00:00","breadcrumb":{"@id":"https:\/\/paulaibanez.cl\/intro\/ejecutivosempresas\/#breadcrumb"},"inLanguage":"es","potentialAction":[{"@type":"ReadAction","target":["https:\/\/paulaibanez.cl\/intro\/ejecutivosempresas\/"]}]},{"@type":"ImageObject","inLanguage":"es","@id":"https:\/\/paulaibanez.cl\/intro\/ejecutivosempresas\/#primaryimage","url":"https:\/\/paulaibanez.cl\/intro\/wp-content\/uploads\/2015\/12\/trabajoequipo-300x197.png","contentUrl":"https:\/\/paulaibanez.cl\/intro\/wp-content\/uploads\/2015\/12\/trabajoequipo-300x197.png"},{"@type":"BreadcrumbList","@id":"https:\/\/paulaibanez.cl\/intro\/ejecutivosempresas\/#breadcrumb","itemListElement":[{"@type":"ListItem","position":1,"name":"Portada","item":"https:\/\/paulaibanez.cl\/intro\/"},{"@type":"ListItem","position":2,"name":"Ejecutivos\/Empresas"}]},{"@type":"WebSite","@id":"https:\/\/paulaibanez.cl\/intro\/#website","url":"https:\/\/paulaibanez.cl\/intro\/","name":"Paula Iba\u00f1ez","description":"Coaching y Neurociencia en las Organizaciones","potentialAction":[{"@type":"SearchAction","target":{"@type":"EntryPoint","urlTemplate":"https:\/\/paulaibanez.cl\/intro\/?s={search_term_string}"},"query-input":{"@type":"PropertyValueSpecification","valueRequired":true,"valueName":"search_term_string"}}],"inLanguage":"es"}]}},"_links":{"self":[{"href":"https:\/\/paulaibanez.cl\/intro\/wp-json\/wp\/v2\/pages\/45","targetHints":{"allow":["GET"]}}],"collection":[{"href":"https:\/\/paulaibanez.cl\/intro\/wp-json\/wp\/v2\/pages"}],"about":[{"href":"https:\/\/paulaibanez.cl\/intro\/wp-json\/wp\/v2\/types\/page"}],"author":[{"embeddable":true,"href":"https:\/\/paulaibanez.cl\/intro\/wp-json\/wp\/v2\/users\/2"}],"replies":[{"embeddable":true,"href":"https:\/\/paulaibanez.cl\/intro\/wp-json\/wp\/v2\/comments?post=45"}],"version-history":[{"count":21,"href":"https:\/\/paulaibanez.cl\/intro\/wp-json\/wp\/v2\/pages\/45\/revisions"}],"predecessor-version":[{"id":146,"href":"https:\/\/paulaibanez.cl\/intro\/wp-json\/wp\/v2\/pages\/45\/revisions\/146"}],"wp:attachment":[{"href":"https:\/\/paulaibanez.cl\/intro\/wp-json\/wp\/v2\/media?parent=45"}],"curies":[{"name":"wp","href":"https:\/\/api.w.org\/{rel}","templated":true}]}}